+ 8*z = 1568. What is the tens digit of z?
9
What is the units digit of ((-92)/69)/((-1)/60)?
0
Let s(f) = f**3 + 8*f**2 - 9*f. Let i be s(-9). Let c(q) = -2*q + i + 3*q + 1. What is the units digit of c(3)?
4
Let q = -150 + 95. What is the tens digit of 18/(-12) + q/(-2)?
2
Let a(c) = c - 2. Let p be a(6). What is the units digit of 4/(-2)*p/(-4)?
2
Let h(s) = -s**3 - 5*s**2 - 6*s - 3. Let q be h(-4). What is the tens digit of q/(-1)*18/(-5)?
1
Let w = 8 + -6. Let f be -1*(w + -5 + 13). Let g = f + 20. What is the tens digit of g?
1
What is the tens digit of ((-22)/(-8))/((-4)/(-32))?
2
Let r(k) = -k**3 + 4*k**2 + k + 1. Let m be r(4). Let l be (1 + -5)/((-1)/m). Suppose 2*d = 4*d - l. What is the units digit of d?
0
Let d(v) = 5*v**2 + v - 5*v**2 - 3*v**2 + 2*v**3 - 6 + 2. What is the tens digit of d(3)?
2
Let a(f) = -10*f - 31. What is the units digit of a(-4)?
9
Suppose 3465 = -11*u + 20*u. What is the hundreds digit of u?
3
Let g(a) = 51*a**2 + 1. What is the tens digit of g(-1)?
5
Let a = -11 + 9. Let y be (16*-8)/a - -2. Suppose -2*v - 14 + 61 = 3*q, -3*v = 3*q - y. What is the units digit of v?
9
Suppose -3*z + 4*a = -0*z, 5*a = 5*z. Suppose z*h = h. Let v(i) = i**3 + 13. What is the units digit of v(h)?
3
Let x(o) = 20*o - 2. Let g be x(2). Let q = g + -20. What is the units digit of q?
8
Suppose -4*d + 3*f = 17, 2*f = -2*d - 0*f - 26. Let u(v) = -v + 3. What is the units digit of u(d)?
1
Let r be 51/18 - 3/(-18). Suppose -7*x = -r*x - 172. What is the tens digit of x?
4
Let z = 71 - 42. What is the units digit of z?
9
Let i be (9/6)/(-3)*-4. Suppose -i*o = -0*o + y - 20, -y - 40 = -3*o. What is the tens digit of o?
1
What is the units digit of (-7)/28 + 898/8?
2
What is the tens digit of 342/10 - (-5 + 130/25)?
3
Suppose -4*r = r - 10. Let k = r - -4. What is the units digit of (2/k)/(1/21)?
7
Suppose 3*w = 7 + 101. What is the units digit of w?
6
Suppose 3*v + 2*b + 4 = b, 2*v + 3*b + 12 = 0. Let q(f) = -f + 2. Let n be q(v). Suppose -l - l = -n. What is the units digit of l?
1
Let w(q) = q**3 - 5*q**2 + 3*q - 4. Let z be w(6). Suppose 4*b = -b - z. Let p = -3 - b. What is the units digit of p?
7
Let r = -118 - -301. What is the hundreds digit of r?
1
Let g(w) = -w**2 - 4*w + 5. Let l be g(-5). Suppose 5*u + l*u - 3*b - 50 = 0, -7 = u - 4*b. What is the units digit of u?
3
Let s = -159 - -612. What is the tens digit of s?
5
Suppose 0*j = -4*q + 5*j + 241, 5*q = 4*j + 290. Suppose -3*c = -0*c - q. What is the tens digit of c?
1
Suppose -4 = i - 2. Let d = -70 - -75. Let w = d + i. What is the units digit of w?
3
Let m(c) = -c**3 + 7*c**2 - 2*c + 3. What is the units digit of m(5)?
3
Let k = -46 + 84. What is the tens digit of k?
3
Let b(f) = f**2 + 1. Let m(l) = l**2 - 3*l + 3. Let p(u) = 2*b(u) - m(u). What is the units digit of p(-5)?
9
Let o(k) = 6*k - 5. What is the tens digit of o(8)?
4
Suppose 23 = 5*n + 2*i, -n = 3*n - 3*i. Suppose -n*o = -2*o - 25. What is the units digit of o?
5
Let f(m) = m**2 - 1. Let b be f(0). Let h be (b/(-2))/(2/172). Suppose 3*t = 5*l - h, -2*t - 1 = -3*l + 25. What is the units digit of l?
8
What is the units digit of (3 - -17) + -2 + -2?
6
Suppose 2*w = w. Let r = 9 - w. Let t = 18 - r. What is the units digit of t?
9
Let i(y) = 9*y - 1. Let k be i(1). Suppose -k = 5*j - 68. What is the tens digit of j?
1
Suppose 5*k - 2*f - 25 = -f, -5*k = -4*f - 40. Suppose 2*q = k*u + 14, -q + 4*u + 7 = -6*q. Let o(c) = 8*c**2 + 1. What is the units digit of o(q)?
9
Suppose q = 190 + 47. What is the units digit of q?
7
What is the hundreds digit of 231*(2 - (-20)/(-15))?
1
Suppose 4*x + x = 755. What is the tens digit of x?
5
Let f = -10 + 43. What is the units digit of f?
3
Suppose -4*f + m + 61 = 0, -3*f - 5*m + 37 + 26 = 0. What is the units digit of f?
6
Let c be 18/(-30) - (-2)/(-5). Let d(g) = 11*g**2 + 1. What is the units digit of d(c)?
2
Let j(c) = -42*c**3 - 2*c**2 - c. What is the tens digit of j(-1)?
4
Let x(i) = i**3 + 5*i**2 - 3*i - 5. Let u be x(-5). Let a = -7 + u. Suppose -2*p - 17 = -a*p. What is the tens digit of p?
1
Let x be 2/(-8) + (-2)/(-8). Let f(h) = 3*h + 2 - 5 - 4 + x. What is the tens digit of f(6)?
1
Suppose -u + 48 = 3*u. Suppose t + 5*b = -16, -t - 3*b = -0*b + 8. What is the units digit of ((-5)/(-3))/(t/u)?
5
Let y(q) = 3*q - 7. Let j(a) = a**2 - 5*a - 9. Let l be j(7). What is the units digit of y(l)?
8
Suppose -43*b - 1712 = -51*b. What is the tens digit of b?
1
Let x be ((-2)/(-1))/(2/4). Suppose 0 = x*j - 3*j + 57. What is the units digit of (-4)/(-6) + j/(-9)?
7
What is the tens digit of (616/42)/((-4)/(-6))?
2
Let l(r) be the first derivative of r**4/4 - r**3/3 + 3*r - 4. What is the units digit of l(0)?
3
Let u = -7 - -11. Suppose 8 = u*b - 76. What is the units digit of b?
1
Suppose -2*v - 16 = -6*v. Suppose 2*u - v = 2*h - 0*h, 2*u = 3*h + 5. What is the units digit of u?
1
Let o = -7 + 27. What is the units digit of o?
0
Let h(d) = d**2 + 5*d + 2. Let f be h(4). Suppose -j + 104 = -4*i + 3*j, 49 = -2*i + 5*j. Let x = i + f. What is the units digit of x?
1
Let o = 148 - 79. What is the units digit of o?
9
Suppose 3*x = 2*u - 2*x - 218, -480 = -4*u - x. What is the hundreds digit of u?
1
Suppose -2*u + 0*u = 24. Let s = -9 - u. Suppose 0 = -s*i + i + 36. What is the tens digit of i?
1
What is the tens digit of 2/8 - 755/(-20)?
3
Let c(n) = n**3 + 10*n**2 + n + 12. Let t be c(-10). What is the tens digit of t + (23 - -2) + -1?
2
Let c(q) = 11*q**2 + 10*q - 2. What is the units digit of c(3)?
7
Let v(n) = -n**3 - 10*n**2 - 2*n - 3. Let j be v(-9). Let s = -42 - j. What is the units digit of s?
4
Suppose 0 = -4*y - 31 - 25. What is the units digit of (-1)/6 + y/(-12)?
1
Suppose -26 = -o + 2*z - 10, -3*o - 4*z + 18 = 0. What is the tens digit of o?
1
Let h be 77 - -1*(-3)/(-3). Suppose 4*g - 2*g - h = 0. Suppose g = 5*r - 11. What is the units digit of r?
0
Suppose -216 = -5*x - 3*p, -5*p + p - 12 = 0. What is the tens digit of x?
4
Let d(q) = -6*q - 1. What is the tens digit of d(-5)?
2
Let c(t) = t**2 - 3*t - 2. Let o be c(4). What is the tens digit of o/8 - (-316)/16?
2
Let w = -110 + 198. What is the tens digit of w?
8
Let q(v) = -v**3 - 9*v**2 - 11*v - 2. What is the tens digit of q(-9)?
9
Suppose -7*g - 15 = -2*g - 5*v, -3*g - 5*v = -15. Suppose -z - 5*p + 5 = g, 2*z - 5*p - 15 = -z. What is the units digit of z?
5
Let c = 57 + -20. Suppose c = k + 11. What is the tens digit of k?
2
Suppose p - 5*v - 181 = -v, 10 = -2*v. Suppose -196 = -5*y + 2*k, -5*k - p = -4*y - 2*k. What is the tens digit of y?
3
Let v(b) be the third derivative of b**6/120 - b**5/12 + b**4/4 - b**3 + 2*b**2. Let a be v(4). Suppose 2*g + a = 18. What is the units digit of g?
8
Suppose 4*i - 123 = i. What is the tens digit of i?
4
Let l = 6 - 14. Let a = 16 + l. What is the units digit of a?
8
What is the tens digit of 0/2 - (-7 + -18)?
2
Let k(q) = q**3 + 5*q**2 - 6*q + 6. Suppose 0 = 4*x + 1 + 3. Let f = x + -5. What is the units digit of k(f)?
6
Let t be -2*3/(-6)*0. Suppose 95 = -5*f + 5*x, -5*f - 2*x - 3*x - 65 = t. Let z = -7 - f. What is the units digit of z?
9
Let h(d) = 3*d - 1 - d - 4*d + 0. What is the units digit of h(-5)?
9
Let w(x) be the first derivative of -3*x**2 + 4*x - 2. What is the tens digit of w(-3)?
2
Suppose -5*t = -t + 12. What is the tens digit of (3 - 15)/(t/4)?
1
Suppose d - 10 = -5*y + 11, -2*d = -y + 2. Suppose -r - 3*r - 84 = -5*j, -y*j - 2*r + 88 = 0. What is the tens digit of j?
2
Let m be 2/(-6) - (-150)/18. What is the tens digit of (46/m)/(1/4)?
2
Let g be 1 + (-2 - 0)/2. Suppose 6 = -g*y + 2*y. Suppose -y*z = d + 4, -z + 0 = 4. What is the units digit of d?
8
Let f = 100 - 51. What is the units digit of f?
9
Suppose -4*h + 2*h - 21 = 3*j, 3*h - 3*j - 6 = 0. Let y = 3 + h. Suppose -3*r + 3*p = -y*p - 27, 0 = -5*r + p + 33. What is the units digit of r?
6
Suppose -4*a + 14 = 2*u - 20, 4*a = 5*u - 1. What is the units digit of -6*((-4)/a)/2?
2
Suppose 0*v + 17 = 3*v + 5*j, 4*v - 2*j = 40. What is the units digit of v?
9
Let j(w) = w - 2. Suppose -25 + 0 = -5*t. Let v be j(t). Suppose -4*k + 46 = v*z, 0 = -0*k - k + 4. What is the tens digit of z?
1
Let o(d) = -d**3 + d**2 + d - 1. Let v be o(0). Let r be -1 + 6 + v + -2. Suppose r*g = -g + 18. What is the units